32 = 0. What is the tens digit of i?
1
Suppose 4*s = -4*f + 168, -s = -4*f - 0*s + 143. Let w = 97 + -14. Suppose 0 = -4*b + w + f. What is the tens digit of b?
3
Suppose 0 = 4*x - 4*g - 52, 5*x - 2*x - 29 = -2*g. Let h(c) = c**3 - 8*c**2 - 19*c - 1. What is the tens digit of h(x)?
5
Suppose -4*u + p + 48 = 0, 4*p - 63 - 5 = -4*u. Suppose f + 17 = u. What is the tens digit of 65/2 - 2/f?
3
Let j = 512 - 284. What is the units digit of j?
8
Suppose 4*z + 9 = 21. Suppose -5 = -4*x + 4*p - 1, 2*x - z = p. Let j(k) = 7*k**2 + 3. What is the tens digit of j(x)?
3
What is the thousands digit of 1036 - (2/(-5))/((-28)/280)?
1
Let o(g) = -g**2 - 20*g - 32. Let q be o(-14). What is the units digit of (-780)/2*q/(-130)?
6
Let w(o) = 2*o**3 - 9*o**2 - 3*o + 2. What is the tens digit of w(7)?
2
Let d(j) = -5*j**3 - 8*j**2 - 26*j + 40. What is the thousands digit of d(-8)?
2
Suppose -i + 20 = 4*i. Suppose -4*u = 3*b + b - 488, i*u - 490 = -2*b. Suppose -3*c + u = 27. What is the units digit of c?
2
Let l = -10 + 12. Suppose -3*s - l*c = 1, -2*c = c + 15. Suppose 0*f + s*f = 27. What is the units digit of f?
9
Let k(j) = -3*j + 17. Let y be k(4). Suppose -y*c + 216 = -69. What is the units digit of c?
7
What is the units digit of 6 + ((-22)/2)/(4/(-580))?
1
Let v(m) = -m**2 + 13*m - 14. Let o be v(12). What is the tens digit of o/2 + (-14 - -83)?
6
Suppose -44*k = -64*k + 41520. What is the tens digit of k?
7
Suppose 0 = 4*k + 16, 3*p - 2657 = -k + 6*k. What is the hundreds digit of p?
8
Let q = 165 - -77. What is the units digit of q?
2
Let a(g) = -g**3 - 3*g**2 + 2*g - 4. Let h be a(-4). What is the tens digit of -36*2*h/(-16)?
1
Let d be (-6)/(-4) - 1/(-2). Let o(r) = -r**2 + r. Let j be o(d). What is the tens digit of 3/(-3)*(-11 + j)?
1
Let d be 9 + 2 + (-5 - -1). Let o = 50 - d. What is the units digit of o?
3
Suppose -552 = -a - 4*d, -12*a + 17*a + 5*d - 2685 = 0. What is the hundreds digit of a?
5
Let m(x) = x**3 - 2*x**2 + 4*x - 8. What is the tens digit of m(7)?
6
Suppose 2*f - 4*o - 5032 = 0, -2*f = o - 0*o - 5037. What is the hundreds digit of f?
5
Let f = -18 - -47. Let v = f + -18. Suppose -v*b - 198 = -14*b. What is the tens digit of b?
6
Suppose 9*a = 4*a + 1665. What is the units digit of a?
3
Let y(r) = -7*r**3. Let x be y(1). Let h(c) = c + 12. Let w be h(x). Suppose w = -2*l + 11. What is the units digit of l?
3
Let v(k) = -6*k**2 + 7*k + 12. Let c(y) = 7*y**2 - 7*y - 13. Let s(f) = 5*c(f) + 6*v(f). Let q = 126 + -121. What is the tens digit of s(q)?
1
Suppose 0 = 4*m + 2*j + 159 + 129, 4*m - 2*j = -280. Let x = -51 - m. What is the tens digit of x?
2
Let f = 31 - 11. Suppose x - f = -16. What is the units digit of x?
4
Suppose -y - 3*a = -5*y + 741, 3*y - 3*a = 552. What is the hundreds digit of y?
1
Let p(j) = -j**2 - 5*j - 3. Let s be p(-2). What is the tens digit of (12/18)/(s/162)?
3
What is the thousands digit of 2284*(8 - 81/12)?
2
Let j = 2110 + -1466. What is the tens digit of j?
4
Let f(q) = -185*q - 19. What is the hundreds digit of f(-2)?
3
Let q be -5 + (0 - 3) + 4. Let x be (6/q)/(36/(-48)). Suppose -l + 55 = 3*u - u, 2*l = x*u - 70. What is the tens digit of u?
3
Let d(l) = 5*l**2 + 4*l - 8. Let q be d(-5). Suppose 8*n - q = 175. What is the units digit of n?
4
Suppose -5*i = -7*i - 16. Let w(n) = -n**2 - 22*n + 2. What is the units digit of w(i)?
4
Let z = 205 + 200. What is the hundreds digit of z?
4
Suppose i + 6*i - 2072 = 0. What is the tens digit of i?
9
Let m be -7*6*(-1)/1. Suppose x + m + 46 = 0. What is the tens digit of 1/((-1)/x*4)?
2
Let g(n) = -n**3 + 31*n**2 + 24*n - 41. What is the units digit of g(29)?
7
Let q = -119 - -89. What is the hundreds digit of ((-34)/(-3))/((-2)/q)?
1
Let o = -5 + 9. Suppose -z - 3 = 0, -o*y - 4*z + 68 = y. Suppose 2*u = -4*s + 60, 3*s = -u + 49 - y. What is the tens digit of u?
2
Suppose -46*a + 117674 + 30630 = 0. What is the thousands digit of a?
3
Let g(u) = u + 13. Let r be g(-4). Suppose r*l + 35 = 14*l. What is the units digit of l?
7
Let i be 78/4*(-3)/((-45)/(-20)). Let n = 52 - i. What is the tens digit of n?
7
Let m = 15 - 9. Let p(o) = -5*o + 5. Let y(c) = -10*c + 9. Let z(a) = m*y(a) - 11*p(a). What is the tens digit of z(-6)?
2
Suppose -21 + 73 = t. Suppose 74 = -3*h - 4*s, -2*h - 4*s + 0*s = t. What is the tens digit of (-612)/h + 4/22?
2
Suppose -5*o + 0*u - 5*u + 205 = 0, 0 = -4*o + 3*u + 157. Let r = o - 36. What is the units digit of r?
4
Suppose 5*q - 45 = -5*r, -4*q + 3*r + 32 = -25. Suppose 23 + 313 = q*x. What is the tens digit of x?
2
Suppose -137*u + 130*u = -1036. What is the units digit of u?
8
Let z be (-124)/(-6) - (-14)/(-21). Let d = z + 137. What is the tens digit of d?
5
Let n(a) be the third derivative of a**7/1260 - a**6/720 - a**4/24 + 2*a**2. Let p(j) be the second derivative of n(j). What is the units digit of p(2)?
6
Suppose 3891 + 53 = 17*n. What is the units digit of n?
2
Suppose 157 - 1135 = -2*z. What is the units digit of z?
9
What is the units digit of (168/16 + -2)/((-2)/(-12))?
1
Suppose b + 3*b = 4*o + 44, 4*b = -2*o + 26. Suppose -q + 5*u = -46, 0 = -3*u - b + 23. What is the units digit of q?
1
Let a = 209 - 50. What is the tens digit of a?
5
Let h(g) be the first derivative of -g**4/4 + 7*g**3/3 + g**2 - 10*g - 7. Let k be h(7). What is the units digit of (-34)/(-1)*4/k?
4
Let g(c) = -183*c**2 - 14*c + 2*c + 1 + c**3 + 181*c**2. What is the units digit of g(7)?
2
Suppose 90*g - 69593 = 48757. What is the tens digit of g?
1
Let a be 66/15 + 2/(-5). Suppose -840 = -4*n + 3*k, -a*k = 3*n - 819 + 164. What is the units digit of n?
3
Suppose -5083 = -18*r + r. What is the tens digit of r?
9
Suppose -2*c + 5 = 3*j, -2 + 7 = 5*j. What is the units digit of c?
1
Let w = 11 - -1582. What is the units digit of w?
3
Let d = 4508 + -1957. What is the tens digit of d?
5
Suppose 15*u = u + 84378. What is the tens digit of u?
2
Let c = 11 + -6. Let p(l) = -l**3 + 6*l**2 + 5*l - 2. What is the units digit of p(c)?
8
Let u = 4126 - 2538. What is the hundreds digit of u?
5
Let o be 8 + 1/(-2)*-2. Let x be (1/(3/15))/(5 + -4). Suppose -10*u = -o*u - x. What is the units digit of u?
5
Let y(h) = 20*h + 1265. What is the hundreds digit of y(0)?
2
Let z(i) = i + 40. Suppose 0 = 13*t - 12*t + 4. Let b be 0/((3 + t)/(-1)). What is the tens digit of z(b)?
4
Suppose 0 = 187*x - 201*x + 17836. What is the units digit of x?
4
Let v(o) be the first derivative of 11*o**2/2 - 5*o - 19. What is the tens digit of v(10)?
0
Let k = -38 + 38. Suppose -4*f + m + 554 = k, f + 2*f = 5*m + 424. What is the units digit of f?
8
Let g(y) = 1550*y + 64. What is the hundreds digit of g(1)?
6
Let u(d) = 17*d**3 + 6*d**2 + 6*d - 6. What is the tens digit of u(5)?
9
Let m = -199 + 2043. What is the tens digit of m?
4
Let y(m) = 15*m - 9. Let j(n) be the third derivative of -5*n**4/8 + 4*n**3/3 + 5*n**2. Let h(d) = -6*j(d) - 5*y(d). What is the tens digit of h(2)?
2
Let k be 1/(-4) + 13/4. Suppose -k*m = m + 8. Let c(y) = -14*y - 3. What is the units digit of c(m)?
5
Let q = 26 + -79. What is the tens digit of (q + 3)*(2 + -3)?
5
Suppose 2*t + 18*m - 14*m = 3734, -3733 = -2*t - 3*m. What is the hundreds digit of t?
8
Let c be (-4 - 18)*(0 - 1). Let o = c - 6. Suppose 4*d - o = 28. What is the tens digit of d?
1
Suppose -203*f - 2820 = -206*f. What is the units digit of f?
0
Let y(p) = p**2 - 9*p + 11. Let d(k) = 2*k**2 - 17*k + 21. Let o(j) = 4*d(j) - 9*y(j). Let m be o(11). Suppose 4*a = -m + 51. What is the units digit of a?
1
Let w(b) = 3*b**2 + 13*b + 21. Let k be w(-6). Let q(s) = s**2 + 5*s - 9. Let x be q(-7). Suppose 5 = -x*t, -3*v - v = t - k. What is the units digit of v?
3
Suppose 2*d = -d - 696. Let r = 348 + d. What is the tens digit of r?
1
Let c(s) = 6*s**2 + 19*s + 64. What is the units digit of c(-30)?
4
Suppose -d = 5*d - 420. What is the hundreds digit of (-39)/((-155)/d - -2)?
1
Let l(t) = 57*t**2 - t + 102. What is the thousands digit of l(8)?
3
Suppose -65 = 4*z - 749. Suppose -m - 3*f + z = 0, -2*m - 2*f = -m - 169. What is the hundreds digit of m?
1
Let s = -41 + 40. What is the tens digit of s/(-2) - (-428)/8?
5
Let u(p) = -2*p**3 - 10*p**2 + 19*p + 25. What is the thousands digit of u(-12)?
1
Suppose 544 + 224 = 6*k. What is the units digit of k?
